-3 + 3 - 0).
3
Calculate 0 + 0 - (10 - 6 - 7).
3
What is the value of 0 - (-6 - (2 - -3) - -4)?
7
What is 14 + 5 + -12 + 1?
8
Evaluate -4 + (3 - -7) - 6.
0
What is the value of -9 + 19 - 17 - (-1 + -2)?
-4
Calculate 13 + (-16 - -10 - 5).
2
2 + -2 - (0 - (3 + -5))
-2
Calculate -2 - -12 - (15 + -2).
-3
Evaluate -13 + 10 + (-2 - -12).
7
Calculate (2 - -1 - 1) + -6 - -3.
-1
Evaluate -9 + 0 + (9 - (-2 + 7)).
-5
What is the value of -2 + 8 + (3 - (5 + -1))?
5
2 - 3 - -4 - (4 - -3)
-4
(-2 - 2 - -1) + (85 - 83)
-1
What is the value of 10 - (-3 + 14 + -3)?
2
(3 - (1 - 4)) + -5
1
What is the value of 1 + (0 - -5) + (1 - 5)?
2
Calculate 0 + (2 - 0 - (0 - -7)).
-5
Evaluate 4 + (-1 - (-5 - -9)) - 1.
-2
What is the value of -3 + (1 - -1) + (-16 - -18)?
1
-5 + 7 + (-2 - (-2 - 0))
2
Calculate 12 + -1 + (-100 - -96).
7
Evaluate -2 + -1 - (-4 + 2 - -1).
-2
Evaluate 5 + -2 + -2 + 3.
4
What is the value of 1 + -3 - (5 + 2 + -6)?
-3
Evaluate 0 - (-2 + 9) - -1 - 1.
-7
What is (0 - (-5 + 3) - 2) + -2?
-2
What is -7 + -1 - (27 - 36)?
1
Evaluate -7 + 4 + (2 - 2).
-3
What is 0 + -1 + (1 + -6 - -7)?
1
Calculate -2 + (4 - 2) + 3 + 0.
3
-9 - -8 - 6 - (-3 + 0)
-4
What is -1 + -3 + (-11 - -11)?
-4
Calculate 4 + -5 + 9 - 15.
-7
What is -5 - -4 - (-6 + -1 + 8)?
-2
(4 - (-2 + 2)) + -1
3
-3 - (-5 + (-3 - -3 - -3))
-1
0 - (1 + 2 + -7) - 6
-2
What is the value of 5 + 1 + (19 - 29)?
-4
Evaluate 0 - (14 + -9) - 2.
-7
Calculate -4 - (-2 + 6 + -5) - -5.
2
-1 - 5 - (37 - 47)
4
4 - (-5 - -11 - 4)
2
Evaluate (6 - 5) + -9 - (2 + -6).
-4
What is the value of 8 + -3 + (-2 - -2)?
5
What is the value of 11 - ((2 - -2) + 18)?
-11
What is -11 - (-2 + (3 - 7))?
-5
What is 2 - (-5 + 15 - (12 - 8))?
-4
Calculate -2 - (3 + 3 + -12 + 3).
1
(50 - 53) + (-1 - -4)
0
Calculate 5 + (-9 - -9) + -8.
-3
Evaluate 4 + 1 - (6 - (9 + -4)).
4
Evaluate 1 + (2 + -5 - (2 + 1)).
-5
What is -5 - -3 - (1 - 5) - 0?
2
9 + 11 + 4 + -18
6
What is the value of 0 - -5 - (0 + -3)?
8
Evaluate 18 + -8 + -3 - 8.
-1
0 + 3 + 3 + -6
0
What is the value of 2 + (-9 - -3) - 3?
-7
What is the value of 0 + 4 + -4 - 5?
-5
What is 1 - (8 + 0 - 2)?
-5
What is 0 - -3 - 6 - -6 - -4?
7
Calculate (-4 - -9 - 0) + -8.
-3
-4 + 3 + -7 + 3
-5
What is the value of (-17 - -18) + (3 - (-1 + 0))?
5
1 + 3 - (-2 - (0 - 1))
5
What is (4 - (15 - 5) - -5) + 6?
5
Calculate 8 + -3 + (-1 - -6 - 8).
2
What is (-8 + 2 - -2) + 1?
-3
What is (-7 - -7) + 12 - 12?
0
What is 1 + 3 + -3 - (5 - 4)?
0
What is (29 - 28) + -1 + 2 + -2?
0
Evaluate -8 - (0 + -2) - (-13 + 2).
5
Calculate (2 - 1) + (-4 - -8 - 2).
3
Evaluate -3 - (-5 + (2 - 1) - 0).
1
What is the value of (-1 - 0) + -6 + 9 + -6?
-4
Evaluate -3 - (-1 + 3 + -14 + 15).
-6
3 + 6 + 5 + -21
-7
Calculate (-17 - (-4 - 9)) + 3 + -2.
-3
-8 + 12 - 6 - 2
-4
(3 - 1 - (4 - 0)) + -3
-5
What is (-4 - -7) + -12 - (-6 - -1)?
-4
3 + 0 - (-19 - -20)
2
Calculate -11 + 9 + -1 + 0.
-3
Evaluate -5 + 6 + -1 - 5.
-5
Evaluate -8 - (-1 - ((-5 - 3) + 9)).
-6
What is 10 + 2 + -8 + -4?
0
Evaluate (0 - (-2 + 5)) + (3 - -5).
5
(28 + -7 - 10) + -19
-8
Calculate (4 - 1) + 6 + -11 + -1.
-3
What is -6 + 4 + 0 + -2?
-4
What is the value of -9 - (8 + -14 + 5)?
-8
7 + 0 + -7 - -2
2
5 - ((11 - 9) + 11)
-8
What is (-3 - -2 - 0) + (24 - 21)?
2
4 + (4 - 5) + -3
0
What is -8 - ((14 - 11) + -1 + -6)?
-4
Evaluate -2 + (-5 - (-9 + 1)) + -2.
-1
What is the value of 54 + -46 - (4 + 0)?
4
Calculate -3 + (0 - 9) - -18.
6
Calculate (-4 - -9) + (-1 + -3 - 0).
1
What is the value of 4 - 6 - -3 - -4?
5
What is the value of -7 + (4 - 5 - (-15 - -2))?
5
What is the value of -10 - -8 - (-1 + 1 - 11)?
9
-3 + 10 + -3 - (4 - 4)
4
Evaluate (5 - (1 - -2)) + (-1 - -4).
5
Calculate 3 + (-1 - (8 - 3)).
-3
Evaluate -4 + 3 + 4 + (-6 - 0).
-3
Evaluate -8 + 14 - ((2 - 1) + 1).
4
What is the value of (4 - (0 + 0)) + -1 + 1?
4
Calculate 3 + (-2 - -1) + -3.
-1
What is 4 - 7 - -7 - (0 + -2)?
6
2 - (-1 + 3 + 3) - -4
1
Evaluate (1 - (0 - 1)) + 0 + 2.
4
Calculate (5 - 0) + -11 - -2.
-4
What is the value of -2 - (-11 + -7 - -9)?
7
Calculate -1 - ((-3 - -1) + (-1 - -3)).
-1
Calculate -5 - -12 - (-1 - -5).
3
Evaluate 22 + -29 - (-10 - -2).
1
Evaluate -5 - -9 - 0 - -5.
9
What is 5 - (2 + 9 - 1)?
-5
Calculate 3 - (1 + 5) - (-1 - -3).
-5
Calculate 75 + -84 + (15 - (3 + -4)).
7
Calculate 5 + 3 + -1 + 0.
7
Evaluate (-11 - -13) + (1 - 2).
1
Calculate 2 + 0 + -2 + 5.
5
Evaluate 1 + 2 + -16 + 18.
5
What is the value of 8 + (-6 - (-5 + 1))?
6
What is (-9 - (-8 + 2)) + 0?
-3
What is 9 + -4 + 1 + -11?
-5
6 + -24 + 4 + 4 + 2
-8
What is the value of (1 - (8 - 2)) + 8?
3
What is 0 - ((-1 + -1 - 1) + 4)?
-1
-2 + 3 - (6 + -3 + -6)
4
What is -16 - (1 - (1 - -12))?
-4
What is the value of 6 - -1 - (7 + (1 - 11))?
10
What is the value of (1 + 4 - 12 - -4) + 0?
-3
-3 - (4 + (4 - 17))
6
-3 + 0 - (7 + -10 - -6)
-6
-9 - (-2 + 1 - -4) - -5
-7
What is (5 - 5) + 3 + (-1 - -1)?
3
Evaluate 19 + -9 - 7 - 10.
-7
Evaluate (2 - (5 - 10)) + -4.
3
What is the value of (2 - 1) + (2 - 1 - 7)?
-5
What is the value of -9 - (-6 - (5 + -4))?
-2
6 - 0 - ((-4 - 0) + 7)
3
What is the value of -1 - (-6 + -2 + 6 - 7)?
8
What is 8 + -8 - (0 + -3 + 7)?
-4
What is the value of 0 - (-1 + -2 + 2)?
1
Calculate 5 - 7 - (0 - (-2 - -8)).
4
(0 - 4) + 7 + (-2 - 0)
1
What is 5 + 5 + 2 + -8?
4
What is the value of -56 - -56 - (6 + -1)?
-5
0 - (6 - 12 - -8)
-2
Evaluate -2 - -3 - (-32 - -30).
3
What is (1 - 2) + -2 + 3?
0
Calculate -9 + 2 - -3 - -5.
1
2 - (-4 - 3) - (8 - 8)
9
Evaluate 4 - ((-4 - -3) + 7) - 1.
-3
What is 5 - (-4 + 3 + 1 - 0)?
5
Evaluate 4 + 1 + -8 - -2 - 0.
-1
6 - ((5 - -3) + 0)
-2
What is the value of -3 + (-1 - -6) + -6 - -7?
3
Evaluate 2 + (6 - 0 - (21 - 17)).
4
What is the value of 3 + -4 + (9 - 3)?
5
What is the value of (-7 - -4) + -3 + 0 + 6?
0
Evaluate -5 - (-8 + 9 - 12).
6
Calculate 3 + 1 + -11 + 1.
-6
(-10 - (-1 + -7)) + 0 + -5
-7
What is (-6 - -1) + (10 - -2 - 2)?
5
What is -4 + 2 + (0 + 2 - -2)?
2
What is 11 + -2 + 5 + -5?
9
-1 + 5 + (0 + -3 - -5)
6
What is the value of -17 - -13 - ((2 - 0) + -4)?
-2
What is (1 - 4) + -1 + 4?
0
What is 2 - ((5 - -2) + -3) - -4?
2
Evaluate (-5 - 5) + -1 + 14.
3
What is the value of -1 + (-1 - 5) + (-41 - -48)?
0
What is -14 + 8 + (15 - 2) + -6?
1
What is (2 - 2) + 2 - (-2 + 10)?
-6
Evaluate 8 + -4 + 0 - 0.
4
Evaluate -6 + 1 - (0 - 5).
0
Calculate (-2 - -9) + (-8 - -5).
4
What is the value of 16 + -16 + (-4 - (-2 - -2))?
-4
Evaluate -3 + -2 + (3 - 1 - -3).
0
(-3 - -11) + (2 + -3 - 2)
5
Calculate 3 + ((5 - 2) + -3 - 9).
-6
-8 + (0 - (4 + -8))
-4
What is the value of -1 + (10 + -3 - 6)?
0
What is the value of -7 + 1 + 6 + 3?
3
What is the value of 0 + -7 + 4 + -1?
-4
What is -2 + (5 + -1 - 4)?
-2
What is 7 + (6 - (6 - -3))?
4
What is the value of -1 + -4 + -1 + -4 + 13?
3
What is the value of -2 + 3 + (-2 - 0) + 4?
3
Evaluate -2 + 1 + 4 + -11 + 3.
-5
Evaluate -2 + -2 + 0 + -8 + 13.
1
What is -5 + -1 + 15 + -9 + -3?
-3
(-2 - -4) + -1 + -3
-2
Evaluate 0 + -3 + -3 + 3 + 1.
-2
Calculate 22 - 19 - (0 + 7) - -5.
1
Evaluate 9 - (-1 - 1) - 4.
7
Calculate 10 + -3 + -1 - (-2 + 6).
2
Evaluate -2 + (0 - (6 - (6 - 6))).
-8
1 + 2 + 0 + -8
-5
-28 + 26 + -3 + 7
2
2 + -3 - (9 + -8)
-2
Calculate 18 + -14 + (0 - 1).
3
What is the value of 8 + 4 + -6 - (12 + -10)?
4
What is the value of -2 - (-2 + -2) - (-35 - -35)?
2
Evaluate 7 - (-4 + 9 + -2).
4
Calculate -13 + 8 - (0 + -1).
-4
-49 - -42 - (0 - 13)
6
What is 15 + -18 + -2 + 3 + 0?
-2
What is the value of 5 + -8 + (7 - -1) + -5?
0
Calculate -8 + -1 + 3 - -8.
2
Calculate 10 + -11 - (-2 - (1 + -5)).
-3
Calculate 2 + -4 + -3 + -1.
-6
Evaluate 0 + 0 - (-1 - (2 + 1)).
4
3 - (-2 + 3 + 3)
-1
What is the value of -12 + (5 - 6) - -10?
-3
-2 + -3 - -7 - 9
-7
What is -2 + (-1 - (1 + 0 + -2))?
-2
-16 - (7 + -12 + -7 - -5)
-9
What is -5 + (-1 + -3 - -4)?
-5
What is the value of -5 + 3 + 3 - -3?
4
Evaluate 1 - (3 + -4 + 3).
-1
What is -3 - (0 + -1 - 5)?
3
What is 3 + -2 + (11 - 13) - 5?
-6
Evaluate (-2 - (-3 - 2) - -1) + 0.
4
Calculate -2 + -1 - (-6 + 6 - 8).
5
What is the value of -1 + (1 - (8 - (5 - 0)))?
-3
What is the value of (4 - (-3 + 5)) + 2?
4
What is the value of -11 + (9 + -9 - -14)?
3
Evaluate (-6 - -7 - 4) + -2 + 4.
-1
Calculate (171 - 167) + -5 + -2 + 1.
-2
What is the value of 1 + (-8 - -13) + -14?
-8
Evaluate (-14 - 0) + 27 + -14.
-1
What is the value